{"id":224,"date":"2011-08-06T14:01:53","date_gmt":"2011-08-06T14:01:53","guid":{"rendered":"http:\/\/www.ibimperial.org.br\/home\/?page_id=224"},"modified":"2013-07-09T16:35:07","modified_gmt":"2013-07-09T16:35:07","slug":"valores","status":"publish","type":"page","link":"http:\/\/www.ibimperial.org.br\/home\/inicia\/valores\/","title":{"rendered":"Valores"},"content":{"rendered":"<p style=\"text-align: left;\"><a href=\"http:\/\/dl.getdropbox.com\/u\/fq06k3ywy4b4dsq\/home\/uploads\/2011\/06\/somente-logo-preta-01.png\"><img loading=\"lazy\" decoding=\"async\" class=\"size-thumbnail wp-image-124\" title=\"somente-logo-preta-01\" alt=\"\" src=\"http:\/\/dl.getdropbox.com\/u\/fq06k3ywy4b4dsq\/home\/uploads\/2011\/06\/somente-logo-preta-01-150x150.png\" width=\"150\" height=\"150\" \/><\/a><\/p>\n<p><strong>Em nossa logomarca somos lembrados de miss\u00e3o que Cristo nos deixou.<\/strong><\/p>\n<p><strong>\u00a0<\/strong><strong>Ser b\u00fassola<\/strong> \u2013 ap\u00f3stolo Paulo escrevendo \u00e0 Tim\u00f3teo ( Tm 4.12), lembra que precisamos ser exemplos ao fi\u00e9is,\u00a0 assim, seremos como luz em meio as trevas, sal da terra em meio \u00e0 um mundo sem vida. A b\u00fassola aponta o caminho para os que est\u00e3o sem dire\u00e7\u00e3o e sinaliza por onde ir;<\/p>\n<p><strong>&#8230;Que aponta o caminho<\/strong> \u2013 n\u00e3o h\u00e1 v\u00e1rios caminhos para chegarmos \u00e0 Deus, apenas um, Jesus o Cristo (Jo 14.6), a palavra Crist\u00e3o significa \u201cpequeno Cristo\u201d, assim, precisamos viver de tal modo que os outros vejam que somos Cristo, e assim possam enxergar a Deus (o Pai), por isso na logo o circulo superior est\u00e1 em amarelo (preciosidade), porque demonstra que Cristo aponta o caminho para cima (Deus).<\/p>\n<p><strong>Temos a miss\u00e3o de Fazer Disc\u00edpulos<\/strong> \u2013 No texto conhecido como a \u201cGrande Comiss\u00e3o\u201d \u00a0(Mt 28.19), somos lembrados que enquanto estamos \u201cindo\u201d, ou seja, em nossa caminhada di\u00e1ria, precisamos fazer disc\u00edpulos, a igreja n\u00e3o \u00e9 uma comunidade qualquer, ela \u00e9 um grupo de pessoas que desejam ser como Cristo, o peixe dentro do grupo (marca do cristianismo) demonstra que o grupo n\u00e3o \u00e9 um grupo qualquer,\u00a0 mais formado por pessoas que desejam ser instrumentos de Deus para este tempo, Isto \u00e9 mais do que \u00a0convers\u00e3o de pessoas, significa que precisamos ser DISCIPULADORES dos outros em que temos contato.<\/p>\n<p><strong>&#8230; Que Cres\u00e7am na Gra\u00e7a e Sabedoria<\/strong> \u2013 a gra\u00e7a vem de Deus, e precisa ser um exerc\u00edcio di\u00e1rio crescer em gra\u00e7a assim como Jesus (Lc 2.41), \u00e9 por isso que estamos aqui, porque \u201cmesmo sendo n\u00f3s ainda pecadores o Senhor nos amou, e sacrificou seu filho por n\u00f3s\u201d (Rm 5.8). A B\u00edblia tamb\u00e9m nos exorta para que lembremos que somos DESPENSEIROS (pulverizadores) da gra\u00e7a de Deus (1 Pe 4.10), qualquer que seja nosso contexto, somos b\u00fassola a medida em que as pessoas olham para n\u00f3s e veem a gra\u00e7a de Deus, e tamb\u00e9m que em nossa vida, baseamos nossas decis\u00f5es na vontade do Pai, que \u00e9 Agrad\u00e1vel, boa e perfeita.<\/p>\n<p><strong>&#8230;Diante de Deus e dos homens <\/strong>\u2013 a igreja \u00e9 um grupo de pessoas imperfeitas que desejam ser como Cristo, e assim como Ele, precisamos crescer n\u00e3o somente diante de Deus, assim como diante dos homens, o homem como ser hol\u00edstico, tendo Jesus como seu alvo cresce nas diversas esferas que comp\u00f5em sua exist\u00eancia (profissional, acad\u00eamica, familiar, f\u00edsica e espiritual).<\/p>\n<p><strong>Que sejamos B\u00fassola para um mundo sem norte!<\/strong><\/p>\n<div id=\"fb-root\"><\/div><script src=\"http:\/\/connect.facebook.net\/en_US\/all.js#xfbml=1\"><\/script><!-- Do not remove -->","protected":false},"excerpt":{"rendered":"<p>Em nossa logomarca somos lembrados de miss\u00e3o que Cristo nos deixou. \u00a0Ser b\u00fassola \u2013 ap\u00f3stolo Paulo escrevendo \u00e0 Tim\u00f3teo ( Tm 4.12), lembra que precisamos ser exemplos ao fi\u00e9is,\u00a0 assim, seremos como luz em meio as trevas, sal da terra em meio \u00e0 um mundo sem vida. A b\u00fassola aponta o caminho para os que&#8230;<\/p>\n","protected":false},"author":1,"featured_media":0,"parent":9,"menu_order":0,"comment_status":"closed","ping_status":"closed","template":"","meta":{"ngg_post_thumbnail":0,"_kadence_starter_templates_imported_post":false,"_kad_post_transparent":"","_kad_post_title":"","_kad_post_layout":"","_kad_post_sidebar_id":"","_kad_post_content_style":"","_kad_post_vertical_padding":"","_kad_post_feature":"","_kad_post_feature_position":"","_kad_post_header":false,"_kad_post_footer":false,"footnotes":""},"class_list":["post-224","page","type-page","status-publish","hentry"],"_links":{"self":[{"href":"http:\/\/www.ibimperial.org.br\/home\/wp-json\/wp\/v2\/pages\/224","targetHints":{"allow":["GET"]}}],"collection":[{"href":"http:\/\/www.ibimperial.org.br\/home\/wp-json\/wp\/v2\/pages"}],"about":[{"href":"http:\/\/www.ibimperial.org.br\/home\/wp-json\/wp\/v2\/types\/page"}],"author":[{"embeddable":true,"href":"http:\/\/www.ibimperial.org.br\/home\/wp-json\/wp\/v2\/users\/1"}],"replies":[{"embeddable":true,"href":"http:\/\/www.ibimperial.org.br\/home\/wp-json\/wp\/v2\/comments?post=224"}],"version-history":[{"count":3,"href":"http:\/\/www.ibimperial.org.br\/home\/wp-json\/wp\/v2\/pages\/224\/revisions"}],"predecessor-version":[{"id":779,"href":"http:\/\/www.ibimperial.org.br\/home\/wp-json\/wp\/v2\/pages\/224\/revisions\/779"}],"up":[{"embeddable":true,"href":"http:\/\/www.ibimperial.org.br\/home\/wp-json\/wp\/v2\/pages\/9"}],"wp:attachment":[{"href":"http:\/\/www.ibimperial.org.br\/home\/wp-json\/wp\/v2\/media?parent=224"}],"curies":[{"name":"wp","href":"https:\/\/api.w.org\/{rel}","templated":true}]}}